(p) = 7*k(p) + 5*q(p). Determine b(0).
-2
Let h be (8/12)/(4/(-6)). Let l be (-1 - -3) + (-1 - h). Let u(s) = -s**2 + s + 2. Calculate u(l).
0
Let y(z) = 9*z**3 - 2*z**2 + 2*z - 1. Let s(v) = -3*v - 1. Let o be s(1). Let d = o + 7. Suppose 5*x - d = 2*x. Give y(x).
8
Suppose -5*h - 5*f + 40 = 0, -4*h + f = -0*f - 17. Let u(k) = -1 - k - 2 - 4 + h. Determine u(-3).
1
Suppose -4*c = -2 - 6. Let a(n) = -n**3 + n**2 + 2*n - 3. Calculate a(c).
-3
Let l(f) be the first derivative of 2*f**2 - 3*f - 1. Let c = 13 + -11. Determine l(c).
5
Let g be 7 - 1*(2 + 1). Suppose -4*w - 4*p + 2 = -18, w - 5*p + 1 = 0. Let m(d) = w*d + 8*d - g*d. What is m(1)?
8
Let i(l) = 3*l - 6. Let h be i(3). Let t(u) = -u**3 + 4*u**2 + u. Calculate t(h).
12
Let g(u) = -u**3 - 4*u - 7*u**2 + 1 + 1 + u**2. Suppose 0 = 8*z - 4*z - 136. Suppose -5*d - z + 9 = 0. Determine g(d).
-3
Suppose 4*z - 12 = -0. Suppose -z*l + 12 = l. Let p(h) = -1 + 0*h + l*h + 3 + 0*h. What is p(-2)?
-4
Suppose -2*a - 5 = 3. Let d(f) = 2*f - 96*f**3 + 2*f + f**2 + 97*f**3 + 4*f**2 + 5. Give d(a).
5
Let x(d) be the third derivative of 1/24*d**4 + 0 + 3*d**2 + 1/6*d**3 + 0*d. Let c be ((-2)/2)/(1/1). Give x(c).
0
Let f(n) = -n**2 - 2*n + 3. Let w be (-3 + 62/14)*7. Suppose -5*v = 3*l + 28, -v + 0*v = 5*l + w. Determine f(v).
-12
Let q be 2 - 0*(-2)/4. Let b(f) be the third derivative of 0 - 2*f**2 + 1/8*f**4 - 1/2*f**3 + 0*f. Give b(q).
3
Let y(o) = o. Suppose 8 = -4*u + 5*w, -4 = 2*u - 3*w - w. Let d be (u - -4) + 2/2. Let v(h) = h - 1. Let s(i) = d*y(i) - 2*v(i). What is s(-2)?
0
Let p(s) = s**3 - 4*s**2 - 2*s - 7. Let y = 1 + 8. Let u = y - 4. Calculate p(u).
8
Let y(d) = -d**2 - 1. Suppose -2*h - h = -12. Let z(r) = -r**2 + 5*r + 1. Let l be z(h). Suppose -16 = -l*w - 6. What is y(w)?
-5
Let g be ((-1)/3)/((-7)/(-63)). Let j(s) = s**3 + 4*s**2 + 2*s + 1. Calculate j(g).
4
Let j(h) be the first derivative of 5*h**2/2 + h + 9. Suppose 5*o + 3 = -2. Calculate j(o).
-4
Let c(m) = 6*m - 8 + 2*m + 3*m**2 + 0*m**3 - 4*m**3. Let x(d) = -9*d**3 + 7*d**2 + 17*d - 17. Let i(w) = 13*c(w) - 6*x(w). Determine i(2).
6
Let m be -5 + -5*(10/(-25))/1. Let q(f) = -f. Give q(m).
3
Let a = 41 - 37. Let v(n) be the third derivative of 0*n + 1/24*n**a + 1/6*n**3 - 2*n**2 + 0. What is v(-3)?
-2
Let c be 2/2 + -3 + 1. Let y(p) = -3*p. What is y(c)?
3
Let o(c) = c**2 + 0*c**2 - 5*c + 8*c + 2*c**2. Give o(-2).
6
Let r(y) = -4*y - 1. Let l(v) = 7*v + 2. Let z(q) = -6*l(q) - 11*r(q). Suppose -4*j - 1 - 5 = 3*o, -j + 8 = -4*o. Determine z(o).
-5
Let i(s) be the second derivative of s**5/20 + s**4/3 - 2*s**2 - s. Let m = -18 - -14. Give i(m).
-4
Suppose 4*j = 3*p - 9, -5*p - 9 - 46 = 5*j. Let b(u) = -u - 13. Determine b(j).
-7
Let b(o) = -2*o - 2*o**2 + 0*o - 24 + 8*o**2 + 25. What is b(1)?
5
Let u(t) be the third derivative of -t**4/6 + t**3 + 22*t**2. What is u(7)?
-22
Let u(l) = l**3 - 3*l**2 - 5*l + 6. Suppose 4 = y - 4*w, -4*w + 9 = -5*y + 29. What is u(y)?
2
Let i(y) = -y**2 - 14*y - 35. Let p be i(-10). Let r(k) be the second derivative of k**4/6 - 4*k**3/3 + 3*k**2/2 - 2*k. Determine r(p).
13
Let n(b) = 9*b + 10*b + 2 - 27*b. Give n(3).
-22
Let m(n) = -n**2 + 4*n. Let u be m(4). Let w(o) = -o**2 - 1 + u*o - o**2 + 3*o**3 - 2*o. Suppose b = -0*b - 1. Calculate w(b).
-4
Let i(b) = b**2 + 5*b - 1. Let k be i(-5). Let f be 5 - (3 - k/(-1)). Suppose 0 = -4*x + 4*n - 5*n - 5, -f*x - 4*n = 20. Let v(d) = -d**2 + 2. Calculate v(x).
2
Suppose 5*k + f = -34, -3*k - 24 = -2*f - f. Let h(g) = g**3 + 7*g**2 + 6. Calculate h(k).
6
Let p be -6 + 9 + 2 + -2. Let j(a) = p + 0 - a + 1 + 0*a. What is j(4)?
0
Let z(i) = -i - 1. Suppose -h = x + 3*h - 12, 2*x = -3*h + 9. Give z(x).
-1
Let a(o) = o**3 - 7*o**2 - 7*o - 10. Let l be ((-1)/(-10)*24)/(3/10). What is a(l)?
-2
Let w(x) be the first derivative of x**4/4 - x**3 - x**2 + x - 5. Determine w(4).
9
Suppose -8*g - 9 = 31. Let f(d) = -d**2 - 6*d + 3. Determine f(g).
8
Let z(o) = 5*o**3 + 18*o**2 - 12*o - 23. Let h(y) = -3*y**3 - 12*y**2 + 8*y + 15. Let q be (-12)/(-5)*(-30)/9. Let f(c) = q*h(c) - 5*z(c). Determine f(5).
0
Let r(j) be the third derivative of -j**6/120 + 7*j**5/60 + j**4/3 - 5*j**3/6 + 30*j**2. What is r(8)?
-5
Let t(n) = n**2 - 5*n + 2*n + 5*n + 3*n. Determine t(-4).
-4
Let l(r) = r**2 + 6*r - 4. Suppose 3 = 4*z - 3*a - 4, 2*z + 3*a = 17. Let d = -10 + z. Calculate l(d).
-4
Let p(s) = 2*s - 4. Let u be p(4). Let l be (u/(-6))/(2/(-9)). Let q(h) = -4*h**3 + h**l + 2*h**3 - 1. Calculate q(-2).
7
Suppose 1 = w - 4*s, -4*w + 5 = -4*s + 1. Let h(l) = -3*l**2 - 4*l - 6. Let j(r) = -3*r**2 - 3*r - 5. Let u(z) = 4*h(z) - 5*j(z). Calculate u(w).
3
Let w = 20 - 12. Let x = w - 5. Let t(o) = -o**3 + 5*o**2 - 4*o. Calculate t(x).
6
Let n(z) = 4*z + 4 - 14 + 0*z. Let u(o) = -3*o + 9. Let q(k) = -2*n(k) - 3*u(k). Determine q(3).
-4
Let q(s) be the first derivative of -7*s**4/4 - s**3/3 - s**2 - s + 4. Let i(c) = -c**2 + 6*c - 6. Let o be i(5). Calculate q(o).
7
Let i(c) be the second derivative of 3*c - 1/12*c**4 + 1/2*c**2 + c**3 + 0. Let u be i(6). Let d(f) = 6*f**3 - f**2 + f - 1. Determine d(u).
5
Let j(t) = t**2 - 24*t + 55. Let c be j(22). Let w(l) = -l**2 + 11*l + 6. What is w(c)?
6
Let p(c) = -c. Suppose 2*a + 2*a + 11 = 5*l, 3*l = -3*a - 15. Calculate p(l).
1
Let k(q) = -7*q**2 + 7*q - 7. Let p be (17/5 - 4/10)*-1. Let l(a) = -4*a**2 + 4*a - 4. Let t = -2 - -7. Let j(m) = p*k(m) + t*l(m). Calculate j(2).
3
Let s = 24 - 23. Let g(q) = q + 1. Determine g(s).
2
Let u(m) be the third derivative of -m**4/4 - 5*m**3/6 + 7*m**2. Give u(-4).
19
Let j = -10 - -5. Let n be 234/45 + 1/j. Let t(k) = -k + 3. Determine t(n).
-2
Let y(j) = 6*j**2 - 12*j + 3 + 2*j - 5*j**2. Determine y(9).
-6
Let m(s) be the third derivative of s**4/24 - s**3 - 2*s**2. Let b(i) = i - 1. Let d be b(6). Calculate m(d).
-1
Let y be 1 - 4 - 80/(-20). Let h(o) = -4*o + 1. Let g(s) = -11*s + 3. Let x(t) = -2*g(t) + 7*h(t). Calculate x(y).
-5
Let j(q) = -11*q**3 + q. Let w(n) = n**3 - 20*n**2 - n + 21. Let a be w(20). Give j(a).
-10
Let z(a) = 9*a**2 + 3*a + 1. Let i(w) = 14*w**2 + 4*w + 1. Let k(q) = 5*i(q) - 8*z(q). Calculate k(-2).
-3
Let j(k) be the third derivative of k**8/20160 - k**7/2520 - k**6/360 - k**5/30 + 3*k**2. Let h(g) be the third derivative of j(g). Calculate h(3).
1
Let d(y) be the third derivative of -y**5/60 + 3*y**4/8 - 5*y**3/3 + 7*y**2 - 3. Determine d(7).
4
Let q(n) = -n + 1. Let b(i) = -2*i + 3. Let h(g) = 2*b(g) - 5*q(g). Suppose -16 = -4*w - 4*s, 3*w = -2*w - 2*s + 8. Let m be h(w). Let t(l) = 5*l. Give t(m).
5
Let n(o) = -2*o - 1. Let t be ((-4)/(-3))/((-4)/6). What is n(t)?
3
Suppose -2*r - 8 = -4*j, -24 = -0*r - 2*r - 4*j. Let q(u) = -u**2 + 6*u - 6. Calculate q(r).
2
Let o(k) = k**3 + 7*k**2 - 4. Let w be o(-7). Let b(m) be the third derivative of -m**4/24 - 5*m**3/6 + 2*m**2. Determine b(w).
-1
Suppose 3*i - i = 3*s + 24, -15 = 2*s - i. Let k(p) = p + 1. Determine k(s).
-5
Suppose 0 = 5*z - 9 - 6. Let w(k) = -k + 1. Let s be w(z). Let i(n) = -3*n + 2. Calculate i(s).
8
Let o(h) = h**3 - 8*h**2 + h - 11. Suppose -3 - 5 = -s. Let f be o(s). Let t(v) = v + 0 + 5 + 2. Give t(f).
4
Let q(j) be the third derivative of j**4/12 - 6*j**2. Let o(p) = -p. Let t(u) = 7*o(u) + 4*q(u). Let x = -7 - -11. What is t(x)?
4
Suppose 2*z - 6 = -4. Let j(f) = 5*f**2 - 1. Calculate j(z).
4
Let w(m) = m + 12. Let k(v) = -7*v + 2*v + 2*v - 35. Let h(q) = -6*k(q) - 17*w(q). Determine h(-6).
0
Let d(p) = -2*p**3 + 3*p**2 - 4*p + 2. Let q(t) = 9*t + 1. Let h be q(1). Suppose -2*l = z - 9 + 3, 0 = 3*l + 2*z - h. What is d(l)?
-10
Let z(o) = o**2 - 1 + o**3 - 3*o**2 - 2*o + 0*o. Suppose -25 = 2*p - 6*d + d, -d - 130 = 5*p. Let j be p/(-9) + (-2)/(-9). What is z(j)?
2
Let k = 12 - 10. Let g(t) = -2*t**k + 0*t**2 + 2 + 5*t + t**2. Give g(4).
6
Let q(h) be the first derivative of -h**4/4 + 2*h**3 - 3*h**2/2 + 3*h + 28. Give q(5).
13
Suppose 53 = 7*r + 11. Let f(i) = i**2 - 5*i. What is f(r)?
6
Let p(y) = 3*y**3 + y**2 - y - 1. Let m(f) = f**3 + 6*f**2 - f - 7. Suppose -2*i - 4 = 8. Let n be m(i). Give p(n).
-2
Let p(q) = q**2 - 4*q + 1. Let w = -8 + 13. What is p(w)?
6
Let o(n) = -3*n**2 + 7*n + 3. Let z(x) = -4*x**2 + 8*x + 4. Let a be (9/18)/(2/20). Let w(q) = a*o(q) - 4*z(q). Give w(-3).
-1
Suppose 6 = 2*d - 10.